le of 47?
False
Is 222917141 a multiple of 38?
False
Is 1012623933 a multiple of 6576?
False
Does 1537 divide 2831645840?
True
Is 250 a factor of 24036000?
True
Is 1522227400 a multiple of 2300?
True
Does 152 divide 482783008?
True
Is 4091628 a multiple of 12?
True
Is 366884640 a multiple of 324?
True
Does 140 divide 154361365?
False
Is 7941958 a multiple of 34?
True
Does 13 divide 1833704917?
False
Is 3781 a factor of 98135855?
True
Is 4 a factor of 13638124?
True
Is 7 a factor of 608791440?
False
Is 182451075 a multiple of 1773?
False
Does 152 divide 2100231120?
True
Does 901 divide 123917891?
False
Does 176 divide 33872608?
True
Is 228 a factor of 22440900?
True
Does 3036 divide 228004143?
False
Is 123168795 a multiple of 241?
False
Is 713082890 a multiple of 386?
True
Does 8655 divide 5740506645?
True
Is 81009684 a multiple of 63?
True
Is 19635771 a multiple of 14?
False
Does 7 divide 3069562449?
False
Is 12412440 a multiple of 15?
True
Does 739 divide 1587696840?
False
Is 443476160 a multiple of 320?
True
Is 7 a factor of 26188624?
True
Is 163054452 a multiple of 276?
True
Is 130 a factor of 282187750?
True
Is 42599640 a multiple of 138?
False
Is 511318080 a multiple of 182?
True
Is 449512 a multiple of 1396?
True
Is 1368 a factor of 57252168?
True
Does 481 divide 3695612947?
True
Does 202 divide 513385020?
True
Is 3434 a factor of 25541585?
False
Is 55 a factor of 8352919?
False
Is 329 a factor of 1420997268?
False
Is 1286 a factor of 167918917?
False
Is 98171521 a multiple of 23?
True
Does 17 divide 35566862?
False
Does 393 divide 126121152?
False
Is 9 a factor of 45313670?
False
Does 16 divide 26303514?
False
Is 47118845 a multiple of 28?
False
Does 597 divide 153389001?
True
Is 177 a factor of 128977953?
True
Is 108 a factor of 7288190?
False
Is 233 a factor of 259595552?
True
Is 131 a factor of 35516196?
True
Is 4503426 a multiple of 42?
False
Is 271505606 a multiple of 17?
True
Is 2636095140 a multiple of 1785?
True
Does 29 divide 168985233?
True
Is 25370187 a multiple of 27?
False
Does 1018 divide 119355981?
False
Does 4414 divide 1273497769?
False
Is 5076236 a multiple of 173?
False
Does 8320 divide 1426613760?
True
Is 22 a factor of 7640886?
True
Is 58 a factor of 63111888?
True
Does 263 divide 229489066?
True
Does 949 divide 13809848?
True
Is 3 a factor of 36331173?
True
Is 827 a factor of 278699959?
False
Does 5 divide 98316042?
False
Is 50080417 a multiple of 301?
False
Does 22 divide 276725328?
True
Is 66901156 a multiple of 653?
True
Is 56395900 a multiple of 22?
True
Does 18 divide 145230829?
False
Does 1186 divide 3259694908?
True
Is 31 a factor of 31074307?
True
Is 19 a factor of 2520311829?
True
Is 332391124 even?
True
Is 78 a factor of 69096456?
True
Is 4343662 a multiple of 319?
False
Does 34 divide 5411848?
True
Is 2359989380 a multiple of 11?
False
Is 2282094708 a multiple of 43?
False
Is 78 a factor of 105925387?
False
Is 713 a factor of 294263136?
False
Does 14 divide 162598716?
True
Is 4844480 a multiple of 40?
True
Does 165 divide 113034075?
True
Is 21864037 a multiple of 53?
True
Is 40869894 a multiple of 1583?
True
Is 30 a factor of 2398199700?
True
Does 9 divide 11545839?
True
Does 11 divide 469735904?
True
Is 2082 a factor of 44384076?
True
Does 260 divide 1016227088?
False
Is 1759 a factor of 292960906?
False
Does 170 divide 20411475?
False
Is 131053603 a multiple of 691?
False
Does 158 divide 9083578?
True
Is 1733220 a multiple of 15?
True
Does 7 divide 1539220473?
True
Does 8 divide 10277464?
True
Is 17 a factor of 789407726?
False
Is 2763079 a multiple of 2062?
False
Is 8 a factor of 66227973?
False
Is 115 a factor of 10583910?
True
Does 552 divide 20554824?
True
Does 130 divide 2821261096?
False
Does 6 divide 12373218?
True
Is 9 a factor of 1148127546?
False
Does 7337 divide 552848168?
False
Does 49 divide 2677833463?
False
Does 64 divide 29503692?
False
Does 1140 divide 41987589?
False
Does 20 divide 36985799?
False
Is 11 a factor of 245567102?
True
Does 1286 divide 3975997534?
False
Does 1704 divide 315493896?
True
Is 243082181 a multiple of 5263?
True
Is 48 a factor of 19935799?
False
Is 869 a factor of 1597826824?
True
Is 269 a factor of 6449536?
False
Is 211 a factor of 17953159?
False
Is 1509 a factor of 455832684?
True
Does 88 divide 276991021?
False
Does 1341 divide 195877894?
False
Does 132 divide 65282813?
False
Does 13 divide 24312348?
False
Does 6 divide 189533669?
False
Is 160248 a multiple of 4?
True
Is 28662985 a multiple of 473?
False
Does 44 divide 19217924?
True
Is 2805 a factor of 3801919440?
True
Does 2715 divide 416231220?
True
Is 5187444100 a multiple of 20?
True
Is 77207660 a multiple of 2128?
False
Is 12673197 a multiple of 9?
True
Is 384827220 a multiple of 27?
True
Is 693577890 a multiple of 3207?
True
Does 213 divide 261140299?
False
Does 26 divide 6095203192?
True
Does 4494 divide 1722766205?
False
Is 139 a factor of 338929728?
False
Does 33 divide 19017693?
False
Is 7749360 a multiple of 4?
True
Is 34037283 a multiple of 21?
True
Does 506 divide 482079039?
False
Is 2 a factor of 2371024?
True
Is 28383344 a multiple of 1943?
True
Is 46370304 a multiple of 288?
True
Does 41 divide 852002709?
False
Is 568945643 a multiple of 34?
False
Is 4217 a factor of 3688489158?
False
Does 1471 divide 39690522?
True
Is 21 a factor of 3562629?
True
Is 94303467 a multiple of 27?
True
Is 1817 a factor of 140268791?
False
Is 961 a factor of 125411033?
False
Is 50717052 a multiple of 89?
False
Is 54993934 a multiple of 10?
False
Does 96 divide 746688?
True
Is 582 a factor of 74256216?
True
Does 15 divide 1534191360?
True
Is 54063030 a multiple of 14?
True
Is 4 a factor of 578950936?
True
Does 788 divide 116074007?
False
Is 142 a factor of 2346692?
True
Does 56 divide 2539371592?
False
Is 3792 a factor of 101203573?
False
Is 21178285 a multiple of 288?
False
Is 471 a factor of 1349712672?
True
Is 3064 a factor of 829182744?
True
Is 73 a factor of 65438587?
True
Does 106 divide 9305952?
True
Is 29745397 a multiple of 1066?
False
Is 77 a factor of 711503408?
True
Does 34 divide 4002831289?
False
Does 2 divide 20267837?
False
Does 215 divide 2359195?
True
Is 4 a factor of 3288563188?
True
Is 113 a factor of 1456878842?
False
Is 16 a factor of 18052096?
True
Does 393 divide 22954737?
True
Does 69 divide 71784150?
True
Is 69958078 a multiple of 15?
False
Is 65005453 a multiple of 24?
False
Is 19 a factor of 11074526?
False
Is 1958 a factor of 1698341336?
False
Does 14 divide 265404454?
True
Is 18605677 a multiple of 93?
False
Is 110571 a multiple of 4?
False
Is 8 a factor of 140886704?
True
Is 208872268 a multiple of 29?
True
Does 474 divide 62916864?
True
Is 270 a factor of 4085123220?
True
Does 548 divide 18950841?
False
Does 931 divide 842898120?
False
Does 31 divide 911232?
False
Is 240 a factor of 769025520?
True
Is 175226984 a multiple of 8?
True
Is 2475392224 a multiple of 3409?
False
Does 328 divide 1642655816?
True
Does 1232 divide 104972560?
True
Is 3174319957 a multiple of 52?
False
Is 359378800 a multiple of 880?
True
Is 199151178 a multiple of 109?
False
Is 1583 a factor of 37529062?
False
Is 148 a factor of 41343504?
True
Is 1446 a factor of 3885551037?
False
Does 1590 divide 14020282?
False
Does 227 divide 313075160?
False
Is 772 a factor of 29752108?
True
Does 11 divide 686116638?
False
Does 10 divide 5592190380?
True
Is 11370817 a multiple of 520?
False
Is 859 a factor of 50595714?
False
Does 7 divide 1322663376?
False
Is 149861576 a multiple of 8?
True
Does 89 divide 676563938?
True
Does 24 divide 1431134938?
False
Is 16853440 a multiple of 16?
True
Does 116 divide 447163180?
True
Is 11736740 a multiple of 4?
True
Does 54 divide 880106670?
False
Is 55511764 a multiple of 1066?
False
Does 3177 divide 47512035?
True
Is 275475081 a multiple of 993?
True
Is 117630376 a multiple of 194?
False
Is 53344728 a multiple of 828?
True
Is 24569316 a multiple of 984?
False
Is 269 a factor of 10388819?
False
Does 12 divide 2048794990?
False
Does 8 divide 344730628?
False
Does 55 divide 17093230?
True
Does 1316 divide 928652508?
True
Is 1561 a factor of 835063194?
True
Does 56 divide 1613616368?
True
Is 26 a factor of 147878799?
False
Is 239 a factor of 24405007?
True
Is 446807998 a multiple of 